or of 205 and 1804?
41
What is the highest common divisor of 84 and 28308?
84
Calculate the greatest common factor of 3805 and 5.
5
Calculate the greatest common factor of 135 and 45.
45
Calculate the highest common divisor of 252 and 342.
18
What is the greatest common factor of 54 and 1002?
6
What is the greatest common divisor of 13174 and 42?
14
What is the highest common factor of 1703 and 13?
13
Calculate the greatest common divisor of 31 and 1.
1
Calculate the greatest common divisor of 377 and 13.
13
Calculate the highest common factor of 287 and 328.
41
What is the highest common divisor of 2616 and 72?
24
What is the greatest common divisor of 552 and 345?
69
What is the highest common divisor of 3151 and 2055?
137
Calculate the greatest common factor of 60 and 780.
60
Calculate the greatest common factor of 208 and 16.
16
Calculate the greatest common factor of 1050 and 45.
15
What is the greatest common divisor of 150 and 6?
6
Calculate the greatest common factor of 2070 and 276.
138
Calculate the highest common divisor of 39 and 4459.
13
Calculate the greatest common divisor of 69 and 102.
3
What is the greatest common divisor of 20 and 60?
20
Calculate the greatest common divisor of 152 and 2432.
152
Calculate the greatest common factor of 8 and 56.
8
Calculate the greatest common factor of 189 and 11637.
27
What is the highest common divisor of 102 and 85?
17
Calculate the greatest common factor of 1 and 3.
1
Calculate the highest common factor of 6160 and 392.
56
What is the greatest common divisor of 1296 and 88?
8
Calculate the greatest common divisor of 297 and 5841.
99
What is the highest common divisor of 240 and 255?
15
What is the highest common divisor of 16 and 76?
4
Calculate the greatest common divisor of 43 and 5375.
43
What is the greatest common factor of 105 and 21?
21
Calculate the highest common factor of 86 and 10.
2
Calculate the highest common divisor of 1 and 47.
1
Calculate the greatest common factor of 128 and 16.
16
What is the highest common factor of 91 and 1?
1
Calculate the highest common divisor of 1525 and 25.
25
What is the greatest common divisor of 280 and 1080?
40
Calculate the highest common divisor of 28 and 1246.
14
What is the highest common factor of 29 and 551?
29
What is the greatest common divisor of 7 and 15869?
7
What is the greatest common divisor of 30 and 13935?
15
What is the highest common factor of 100 and 14?
2
What is the greatest common factor of 35 and 560?
35
What is the greatest common divisor of 14271 and 402?
201
Calculate the highest common divisor of 1250 and 1550.
50
What is the highest common divisor of 11954 and 278?
278
What is the highest common factor of 256 and 48?
16
What is the highest common factor of 161 and 532?
7
What is the greatest common factor of 44 and 17996?
44
What is the greatest common factor of 639 and 72?
9
What is the greatest common factor of 264 and 1144?
88
What is the greatest common divisor of 1 and 967?
1
What is the greatest common factor of 15704 and 208?
104
Calculate the highest common factor of 5 and 2.
1
Calculate the greatest common divisor of 11 and 49027.
11
Calculate the greatest common factor of 29 and 2987.
29
What is the greatest common divisor of 1248 and 112?
16
Calculate the highest common factor of 2057 and 34.
17
Calculate the greatest common divisor of 55 and 880.
55
Calculate the highest common factor of 316 and 395.
79
What is the highest common factor of 5118 and 6?
6
Calculate the greatest common divisor of 210 and 340.
10
Calculate the highest common divisor of 870 and 8178.
174
What is the greatest common divisor of 1175 and 425?
25
Calculate the highest common factor of 16 and 16.
16
What is the greatest common divisor of 59206 and 14?
14
What is the highest common divisor of 5319 and 788?
197
What is the greatest common divisor of 2860 and 2340?
260
What is the highest common factor of 3858 and 18?
6
Calculate the highest common factor of 208 and 13.
13
Calculate the greatest common divisor of 200 and 175.
25
Calculate the greatest common factor of 15 and 195.
15
What is the greatest common divisor of 90 and 306?
18
Calculate the highest common divisor of 6 and 114.
6
Calculate the highest common divisor of 8294 and 22.
22
What is the greatest common divisor of 13244 and 770?
154
What is the greatest common factor of 20 and 580?
20
Calculate the greatest common divisor of 12 and 360.
12
Calculate the highest common divisor of 34375 and 550.
275
What is the highest common factor of 11 and 33?
11
What is the highest common factor of 33186 and 6?
6
Calculate the greatest common divisor of 44 and 69.
1
Calculate the greatest common divisor of 3 and 72.
3
What is the greatest common factor of 3 and 8?
1
Calculate the greatest common factor of 2619 and 54.
27
What is the highest common factor of 441 and 49?
49
Calculate the highest common divisor of 243 and 9.
9
What is the greatest common factor of 28 and 14?
14
What is the highest common divisor of 33 and 10692?
33
What is the greatest common divisor of 14440 and 456?
152
What is the highest common factor of 1 and 47?
1
What is the greatest common factor of 100 and 1930?
10
What is the greatest common factor of 1449 and 126?
63
Calculate the highest common factor of 99190 and 455.
455
What is the greatest common factor of 275 and 175?
25
Calculate the greatest common divisor of 15 and 9090.
15
What is the greatest common divisor of 27 and 486?
27
What is the greatest common divisor of 50 and 20?
10
Calculate the greatest common factor of 23 and 575.
23
Calculate the greatest common factor of 165 and 2365.
55
Calculate the greatest common factor of 68 and 187.
17
What is the greatest common factor of 1727 and 33?
11
What is the highest common factor of 41 and 25297?
41
Calculate the greatest common divisor of 56 and 1820.
28
What is the greatest common divisor of 14508 and 4212?
468
What is the greatest common divisor of 63 and 504?
63
What is the highest common factor of 11 and 1826?
11
What is the highest common factor of 132 and 972?
12
Calculate the highest common divisor of 979 and 99.
11
Calculate the highest common factor of 323 and 76.
19
Calculate the greatest common divisor of 84 and 273.
21
What is the highest common divisor of 50 and 1300?
50
What is the highest common factor of 165 and 60?
15
Calculate the greatest common factor of 34 and 527.
17
Calculate the greatest common divisor of 309 and 24.
3
Calculate the greatest common factor of 90 and 10.
10
What is the greatest common divisor of 1690 and 70?
10
Calculate the highest common divisor of 260 and 65.
65
Calculate the greatest common divisor of 954 and 424.
106
What is the greatest common factor of 1032 and 2322?
258
What is the greatest common divisor of 253 and 33?
11
Calculate the greatest common divisor of 104 and 56.
8
Calculate the greatest common factor of 4633 and 452.
113
What is the highest common factor of 16 and 4?
4
What is the highest common factor of 81 and 108?
27
Calculate the highest common divisor of 80 and 200.
40
Calculate the highest common factor of 190 and 855.
95
What is the highest common factor of 3 and 2284?
1
Calculate the greatest common divisor of 6 and 174.
6
Calculate the greatest common divisor of 42 and 714.
42
What is the greatest common divisor of 60 and 600?
60
What is the greatest common factor of 442 and 34?
34
What is the highest common divisor of 35 and 1505?
35
Calculate the greatest common divisor of 24 and 64248.
24
What is the greatest common divisor of 20 and 388?
4
Calculate the highest common divisor of 248 and 806.
62
What is the greatest common factor of 162 and 8181?
81
Calculate the greatest common divisor of 15215 and 85.
85
Calculate the highest common factor of 11 and 1375.
11
Calculate the highest common divisor of 117 and 9.
9
What is the highest common factor of 9823 and 11?
11
What is the highest common divisor of 6 and 1770?
6
Calculate the greatest common divisor of 153 and 8109.
153
Calculate the greatest common divisor of 2 and 16.
2
Calculate the greatest common divisor of 445 and 89.
89
What is the highest common divisor of 20 and 14?
2
Calculate the highest common divisor of 546 and 84.
42
Calculate the greatest common divisor